a(-2). Calculate the greatest common factor of 158 and u.
158
Suppose 0 = 26*h - 30*h + 228. Let w be 69 + ((-10)/(-6))/((-19)/h). What is the highest common divisor of w and 8?
8
Suppose 8*s - 2623 = -383. What is the greatest common factor of s and 63?
7
Suppose -399*t - 1755 = -408*t. Let o = t - 190. What is the highest common divisor of o and 15?
5
Let m(f) = f**3 + 5*f**2 + 2*f + 2. Let g be m(-4). Suppose -2*t - v = -3671 + 3636, 5*t - 5*v = 125. Calculate the greatest common divisor of t and g.
10
Suppose -14*y = 18 - 18. Suppose -3*l = 4*q - 34, y = -q + 5*q - 5*l - 50. Let x be 40*((-8)/(-2) - 3). What is the highest common divisor of x and q?
10
Suppose 5*b - 567 = -4*g, 11*g - 7*g - 3*b - 607 = 0. What is the highest common divisor of g and 52?
4
Let o = 7 + -3. Let u(b) = -b - 20467 - 23*b + 20559. Let y be u(2). What is the highest common factor of o and y?
4
Let t be -18*(-9)/18 + 2 + 0 + 3. What is the greatest common factor of t and 259?
7
Let n = 3004 - 2894. Let t be (-89)/(-2) + 3/(-6). Let v = t - 0. What is the greatest common divisor of v and n?
22
Let q be (8 - -42)*555/2. Suppose q = 7*k + 8*k. What is the highest common divisor of 37 and k?
37
Let r be (-1 + 3)/((-4)/8). Let y be (-2)/(r/(-20)*45/(-72)). Calculate the highest common factor of 36 and y.
4
Let u be 117/5*(-60)/(-36). What is the greatest common divisor of u and 130?
13
Let k be (240/16 - 25)*15/20*-518. Calculate the highest common factor of 2849 and k.
259
Suppose 186*d - 19659 = 8578 + 35189. What is the highest common factor of d and 93?
31
Suppose 0 = 9*m - 326 - 448. Calculate the greatest common divisor of 2537 and m.
43
Let t(v) = 2*v - 92. Let r(c) = c - 46. Let o(f) = -11*r(f) + 6*t(f). Let n be o(8). Let x = 74 + n. Calculate the highest common factor of 54 and x.
18
Suppose -q + 4 = 13, q + 4185 = 3*h. Calculate the highest common factor of h and 1776.
48
Suppose -3*g + 0*l - l + 3740 = 0, 3*g = -10*l + 3785. Calculate the highest common divisor of 15 and g.
15
Let i = 307 + -266. Suppose -2*t - 4*r + 70 = 0, -t + 3*r + 14 + i = 0. Calculate the highest common divisor of t and 43.
43
Let t be -1 - (-1 - (3 - -3)). What is the highest common divisor of 760 and t?
2
Suppose -108403 - 489 = -694*q - 11038. What is the greatest common factor of q and 14241?
141
Let f be ((-1095)/(-4))/(357/3808). Calculate the greatest common divisor of f and 8.
8
Let u be ((-5805)/(-7))/5 - (-3)/21. Suppose 4*r + 335 = -3*t, -3*t + t - u = 2*r. Let s = 88 + r. What is the highest common divisor of s and 3?
1
Let d = -10 + 14. Suppose 0*p - 9*p + 56 = -7*p. Calculate the highest common factor of p and d.
4
Let g(d) = -2*d**2 - 18*d - 24. Let p be g(-7). Let x be (3/(-6))/(p/(-1032)). What is the greatest common divisor of x and 3?
3
Let j(v) = 5*v**2 - 37*v + 9. Let d be j(12). Let x = -70 - -127. Calculate the highest common factor of d and x.
57
Let s = 20082 - 19809. Calculate the greatest common divisor of 11375 and s.
91
Let a = 5937 + -5729. Suppose -y - 115 = -3*o, 3*o - 103 - 24 = -5*y. Calculate the highest common divisor of a and o.
13
Let a(s) = -s**2 + 7*s - 7. Let o be a(5). Suppose 3 + o = 3*j. Suppose -j*h = 4*h - 54. Calculate the greatest common factor of h and 36.
9
Suppose 52*z - 5*n = 57*z - 25, 5*z - 2*n - 74 = 0. Calculate the highest common factor of z and 14352.
12
Suppose -111 = -3*z - 5*f, -z - 3*f + 2*f = -39. Suppose 924 = -17*o + 19*o. What is the highest common divisor of z and o?
42
Suppose 91 = 4*b + 4*j + 27, -4*j - 6 = -3*b. What is the greatest common factor of b and 6410?
10
Let g(f) = 56*f**2 - 232*f - 2088. Let o be g(-9). What is the highest common divisor of o and 1260?
252
Let j = -15 + 17. Suppose -83 + 89 = j*t. Suppose -5*u + 24 + 2 = 2*f, t*u - 4*f - 26 = 0. Calculate the highest common factor of u and 3.
3
Suppose 0 = 7*d + 257 + 9. Let u = d - -54. Suppose 4*p - 4*b - 511 - 201 = 0, 3*b = -6. What is the highest common factor of u and p?
16
Let k = -320 - -336. Let a(i) = 2*i**3 - i + 4. Let b be a(4). What is the greatest common divisor of k and b?
16
Suppose -10 = -w - 2*f + 5, -2*f = -2*w + 48. Let i = -51 + 56. Suppose -i*h = -4*o - 8, 6*h = -o + 4*h + 11. Calculate the greatest common divisor of w and o.
3
Let o(p) = p**2 - 1482*p + 10360. Let q be o(7). Calculate the highest common factor of 365 and q.
5
Let v be ((-150)/20)/15 - 6302/(-4). Calculate the greatest common factor of v and 100.
25
Suppose 4*y + 161 + 31 = 0. Let t = y + 53. Suppose -55 = -4*z - t*x, 7*z = 2*z + 4*x + 38. Calculate the greatest common divisor of z and 40.
10
Suppose -91*t + 88*t = -6. Suppose -5*k + 178 = 3*v, v = -k + t*v + 34. Suppose 30*h = k*h - 55. Calculate the greatest common divisor of h and 1.
1
Let t(q) = -q**3 - 66*q**2 - 1092*q + 49. Let v be t(-33). What is the highest common divisor of v and 12284?
148
Let z = -468 - -47. Let y = z + 762. What is the greatest common factor of 31 and y?
31
Let a be (-3)/(5 + -2) - -11. Suppose -1090 - 1910 = -a*m. Calculate the greatest common divisor of m and 12.
12
Let a = -254 + 357. Suppose u - 3298 = 12*t - 16*t, 0 = t - u - 822. What is the greatest common divisor of a and t?
103
Suppose -3*o + 6 = 5*y + 106, -y + 120 = -5*o. Let j = o + 25. Let b be 10*(91/35 + 3 + j). What is the greatest common divisor of 7 and b?
7
Let q = 23951 + -17594. What is the greatest common divisor of q and 195?
39
Let j(w) = -25*w + 6*w - 331 + 332 - 7*w. Suppose -5*b - 6 + 1 = 0. Let a be j(b). What is the highest common divisor of 81 and a?
27
Let p be 12/(((-40)/5)/4). Let z(w) = 13*w + 3*w**2 - 10*w + 14*w + 2. Let k be z(p). Calculate the highest common divisor of k and 80.
8
Suppose -3*k + 72 = 4*v, 5*k + 106 = 2*v + 44. Suppose v*t - 9*t = 540. Calculate the greatest common divisor of 405 and t.
45
Let w(k) = -k**3 + 2. Let p be w(0). Suppose 0*c = 3*j - 2*c + 258, -4*c = p*j + 156. Let a = 119 + j. Calculate the highest common divisor of a and 7.
7
Let t = 203 + -87. Suppose 3*x = h + 5*x - 128, h = 4*x + t. Calculate the greatest common divisor of h and 31.
31
Let q = 8 + 0. Let n be (-127)/(-2) + (-4)/q. Let r(w) = -21*w + 133. Let k be r(6). Calculate the highest common factor of k and n.
7
Suppose 0 = -3*b - 10123 + 32143. Calculate the highest common factor of b and 10.
10
Let f = -2743 + 3163. Calculate the highest common factor of f and 4.
4
Let g(u) = 153*u**2 + 7648*u + 23. Let y be g(-50). Let a(l) = l**3 + 5*l**2 - l - 2. Let t be a(-5). What is the highest common factor of t and y?
3
Let u be 644 + -622 + -4*5. Calculate the highest common divisor of 839 and u.
1
Let k = 837 + -784. What is the greatest common factor of k and 5141?
53
Suppose -1963 - 969 - 1324 = -56*g. What is the highest common factor of g and 969?
19
Suppose -18*l + 7688 + 9466 = 0. Suppose 2678 = 23*q + l. Let m(c) = 9*c + 5. Let w be m(5). Calculate the highest common divisor of w and q.
25
Let n(f) = 1460*f - 196896. Let p be n(135). Suppose 4*x - 612 = -0*x. Calculate the highest common factor of p and x.
51
Let r be -4 + 55 + (0 - 2). Let w = -916 - -937. What is the greatest common divisor of r and w?
7
Let b = -5654 - -5739. What is the greatest common divisor of 3 and b?
1
Let z = 1925 - 1515. Calculate the highest common factor of 82 and z.
82
Suppose -3959 = 4*s - 13015. Calculate the highest common factor of s and 8.
8
Let t = 220 - 207. Let m be -1 + (-4)/2 + 55. Calculate the highest common factor of t and m.
13
Let h = -7887 + 8007. What is the greatest common divisor of 282 and h?
6
Suppose -11 - 25 = -c. Suppose -376 - 392 = -16*m. Suppose -12*j + 13*j = m. What is the greatest common divisor of c and j?
12
Suppose 122 = 5*k - w, 645*w + 41 = 3*k + 649*w. What is the greatest common factor of k and 2047?
23
Let p be (16 - 3) + (2/4)/(19/(-76)). What is the highest common divisor of 18 and p?
1
Suppose -2*p = -4*x + 166, 2*p + 50 = 3*x - 72. Let b be 2/8 - 1/4. Let d be 0 - (b - (x + -4)). Calculate the greatest common factor of d and 10.
10
Let g(c) = -c**3 - 12*c**2 - c - 9. Let k be g(-12). Suppose -2*b - 2*d = 3*b + 11, 4 = 5*b - 3*d. Let w = k - b. What is the highest common factor of w and 10?
2
Let c = -20033 + 20657. What is the highest common divisor of c and 1326?
78
Suppose 18*v -